 multiple of 14?
False
Is 105 a multiple of 21?
True
Is 28 a factor of 364?
True
Is 30 a factor of 12750?
True
Does 7 divide 19033?
True
Is 22 a factor of 12095?
False
Is 3596 a multiple of 24?
False
Does 8 divide 27269?
False
Does 11 divide 1254?
True
Is 598 a multiple of 5?
False
Is 16777 a multiple of 174?
False
Is 6713 a multiple of 16?
False
Is 32 a factor of 8090?
False
Is 46 a factor of 788?
False
Is 14609 a multiple of 7?
True
Is 33 a factor of 6100?
False
Is 3644 a multiple of 5?
False
Does 4 divide 476?
True
Is 10234 a multiple of 67?
False
Is 1423 a multiple of 10?
False
Does 26 divide 4160?
True
Does 11 divide 1703?
False
Is 910 a multiple of 26?
True
Is 585 a multiple of 6?
False
Does 9 divide 477?
True
Is 448 a multiple of 7?
True
Is 5306 a multiple of 14?
True
Is 6066 a multiple of 9?
True
Does 52 divide 30911?
False
Is 78 a factor of 11634?
False
Is 11 a factor of 242?
True
Does 6 divide 95?
False
Is 7 a factor of 182?
True
Does 58 divide 8041?
False
Is 72 a multiple of 9?
True
Does 21 divide 18669?
True
Does 21 divide 49455?
True
Is 1114 a multiple of 2?
True
Does 105 divide 5417?
False
Is 50 a factor of 1950?
True
Does 10 divide 948?
False
Is 2737 a multiple of 17?
True
Does 19 divide 470?
False
Is 2619 a multiple of 30?
False
Is 9 a factor of 216?
True
Is 86 a multiple of 4?
False
Does 7 divide 35?
True
Does 47 divide 2504?
False
Is 2313 a multiple of 7?
False
Does 143 divide 11011?
True
Is 29087 a multiple of 59?
True
Is 67371 a multiple of 17?
True
Does 9 divide 13696?
False
Is 6 a factor of 8351?
False
Does 66 divide 3420?
False
Is 8364 a multiple of 164?
True
Is 59167 a multiple of 46?
False
Is 228 a multiple of 12?
True
Does 14 divide 5488?
True
Does 10 divide 2476?
False
Does 5 divide 230?
True
Does 22 divide 2156?
True
Does 39 divide 1073?
False
Is 60 a factor of 4140?
True
Is 2445 a multiple of 12?
False
Does 16 divide 55415?
False
Is 2960 a multiple of 16?
True
Is 9 a factor of 3585?
False
Does 162 divide 37422?
True
Is 7987 a multiple of 38?
False
Is 52 a factor of 1336?
False
Is 40762 a multiple of 178?
True
Is 10 a multiple of 5?
True
Is 612 a multiple of 9?
True
Does 21 divide 106134?
True
Is 45 a factor of 1035?
True
Is 204 a multiple of 68?
True
Is 62 a factor of 29636?
True
Is 7114 a multiple of 18?
False
Is 3300 a multiple of 75?
True
Does 17 divide 595?
True
Is 46464 a multiple of 176?
True
Does 9 divide 837?
True
Is 14468 a multiple of 18?
False
Is 6 a factor of 198?
True
Does 16 divide 751?
False
Is 3 a factor of 36?
True
Does 8 divide 1472?
True
Does 69 divide 4209?
True
Is 90 a factor of 2070?
True
Is 27 a factor of 4826?
False
Is 23212 a multiple of 28?
True
Does 57 divide 3648?
True
Does 2 divide 503?
False
Does 6 divide 1134?
True
Is 19 a factor of 1615?
True
Is 2720 a multiple of 85?
True
Does 19 divide 135779?
False
Does 3 divide 872?
False
Does 104 divide 5096?
True
Is 15514 a multiple of 7?
False
Is 74 a factor of 10878?
True
Is 36 a factor of 1044?
True
Does 116 divide 49617?
False
Is 154 a factor of 13606?
False
Is 225 a multiple of 25?
True
Is 688 a multiple of 13?
False
Does 18 divide 270?
True
Is 3848 a multiple of 10?
False
Is 43 a factor of 1767?
False
Does 54 divide 3564?
True
Is 1015 a multiple of 13?
False
Is 3058 a multiple of 43?
False
Is 33 a factor of 5409?
False
Is 45 a factor of 449?
False
Does 17 divide 663?
True
Is 24158 a multiple of 94?
True
Is 80 a factor of 1280?
True
Is 6861 a multiple of 11?
False
Does 96 divide 960?
True
Is 28 a factor of 1359?
False
Is 1867 a multiple of 87?
False
Is 555 a multiple of 37?
True
Is 554 a multiple of 25?
False
Is 123 a factor of 10109?
False
Is 2561 a multiple of 59?
False
Does 16 divide 2096?
True
Is 8 a factor of 451?
False
Is 66500 a multiple of 140?
True
Is 1886 a multiple of 46?
True
Is 59 a factor of 11012?
False
Is 75 a factor of 96300?
True
Is 2237 a multiple of 13?
False
Does 24 divide 744?
True
Is 24 a factor of 1680?
True
Does 10 divide 4120?
True
Does 49 divide 38558?
False
Is 13859 a multiple of 13?
False
Is 64 a factor of 11775?
False
Is 67593 a multiple of 52?
False
Does 21 divide 888?
False
Does 6 divide 2898?
True
Is 96 a factor of 1920?
True
Does 50 divide 900?
True
Does 96 divide 9659?
False
Is 13 a factor of 663?
True
Is 462 even?
True
Is 2 a factor of 14654?
True
Does 29 divide 3253?
False
Is 15496 a multiple of 43?
False
Is 283 a factor of 21508?
True
Is 73440 a multiple of 272?
True
Is 4 a factor of 150?
False
Is 138 a factor of 717?
False
Is 7272 a multiple of 32?
False
Is 3197 a multiple of 53?
False
Is 17 a factor of 1388?
False
Is 2954 a multiple of 80?
False
Is 13068 a multiple of 18?
True
Is 39685 a multiple of 166?
False
Is 2574 a multiple of 22?
True
Does 123 divide 9545?
False
Does 43 divide 29623?
False
Does 88 divide 45916?
False
Does 25 divide 696?
False
Is 32 a factor of 43904?
True
Is 23 a factor of 2493?
False
Is 13 a factor of 70?
False
Is 2160 a multiple of 18?
True
Does 22 divide 22074?
False
Does 8 divide 280?
True
Is 65 a factor of 4485?
True
Is 90 a multiple of 30?
True
Does 24 divide 549?
False
Is 7719 a multiple of 46?
False
Is 116 a multiple of 15?
False
Is 532 a multiple of 6?
False
Is 11781 a multiple of 33?
True
Is 8 a factor of 33447?
False
Does 311 divide 12129?
True
Is 13 a factor of 9176?
False
Does 8 divide 403?
False
Is 7 a factor of 7056?
True
Is 1214 a multiple of 14?
False
Is 17 a factor of 2400?
False
Does 5 divide 1585?
True
Is 832 a multiple of 32?
True
Is 13325 a multiple of 21?
False
Does 3 divide 168?
True
Is 833 a multiple of 17?
True
Is 76 a factor of 5472?
True
Does 14 divide 229?
False
Is 10 a factor of 283?
False
Is 42 a factor of 4846?
False
Is 5292 a multiple of 14?
True
Is 207 a multiple of 207?
True
Does 42 divide 52685?
False
Is 108 a multiple of 9?
True
Does 37 divide 703?
True
Is 20625 a multiple of 71?
False
Is 235 a multiple of 5?
True
Is 20 a factor of 1140?
True
Is 14 a factor of 7112?
True
Is 23 a factor of 1104?
True
Is 5628 a multiple of 14?
True
Is 4708 a multiple of 340?
False
Is 43 a factor of 129000?
True
Does 8 divide 4720?
True
Does 7 divide 1637?
False
Is 891 a multiple of 11?
True
Is 6 a factor of 23052?
True
Is 99 a factor of 14184?
False
Does 5 divide 206?
False
Does 32 divide 1024?
True
Does 8 divide 369?
False
Does 24 divide 6545?
False
Does 14 divide 77972?
False
Is 32 a factor of 17439?
False
Is 14 a factor of 56?
True
Does 29 divide 1890?
False
Is 34 a factor of 7100?
False
Is 6645 a multiple of 6?
False
Is 7325 a multiple of 52?
False
Is 9191 a multiple of 11?
False
Is 401 a multiple of 34?
False
Does 38 divide 106362?
True
Does 33 divide 4923?
False
Does 97 divide 475?
False
Does 18 divide 7938?
True
Is 2829 a multiple of 3?
True
Does 6 divide 739?
False
Is 8 a factor of 2312?
True
Does 7 divide 385?
True
Is 61 a multiple of 4?
False
Is 31752 a multiple of 32?
False
Is 140 a factor of 92960?
True
Is 7561 a multiple of 101?
False
Is 5 a factor of 3459?
False
Is 4 a factor of 2190?
False
Is 1885 a multiple of 29?
True
Is 1518 a multiple of 23?
True
Does 29 divide 8112?
False
Does 13 divide 695?
False
Is 3 a factor of 2763?
True
Is 65 a factor of 179?
False
Is 92053 a multiple of 13?
True
Is 30739 a multiple of 59?
True
Is 78 a factor of 1014?
True
Does 37 divide 222?
True
Does 8 divide 397?
False
Is 273 a multiple of 7?
True
Is 18810 a multiple of 110?
True
Is 15387 a multiple of 111?
False
Is 652 a multiple of 82?
False
Is 30636 a multiple of 18?
True
Does 5 divide 20020?
True
Does 72 divide 3700?
False
Is 81220 a multiple of 8?
False
Is 7 a factor of 800?
False
Is 4 a factor of 24?
True
Does 67 divide 871?
True
Is 767 a multiple of 34?
False
Is 702 a multiple of 11?
False
Is 3 a factor of 63?
True
Does 30 divide 460?
False
Does 12 divide 17380?
False
Is 1108 a multiple of 277?
True
Is 15 a factor of 494?
False
Does 7 divide 9898?
True
Does 2 divide 27?
False
Is 284 a multiple of 71?
True
Is 11 a factor of 374?
True
Is 35 a factor of 12040?
True
Is 252 a multiple of 28?
True
Is 32 a factor of 864?
True
Does 431 divide 9859?
False
Does 7 divide 298?
False
Does 20 divide 440?
True
Does 12 divide 5441?
False
Is 107 a multiple of 4?
False
Is 109 a factor of 9810?
True
Is 24 a factor of 77?
False
Is 285 a multiple of 15?
True
Is 127 a factor 